f 3 and f.
3
Let h(o) = -5*o**2 - o. Let n be h(1). Let i = n - -8. What is the highest common divisor of 3 and i?
1
Let o = 16 - 12. Suppose -5*i - o*l + 14 = 0, 4*l + l = -i - 14. What is the greatest common factor of 18 and i?
6
Let m = -85 + 267. Suppose -5*q + a + m = -a, 5*q = a + 186. Calculate the greatest common factor of 95 and q.
19
Let r = 25 + 8. Let n = -18 + r. What is the greatest common factor of 165 and n?
15
Let w = 100 + -98. Calculate the highest common factor of w and 34.
2
Let m = 5 + 5. Let j(r) = -2*r**2 + 18*r + 10. Let u be j(9). Calculate the greatest common factor of m and u.
10
Suppose 2*t - 23 = 25. Calculate the highest common divisor of t and 168.
24
Let w(j) = j**2 - 7*j + 7. Let q be w(6). Suppose 4*i - 5 = -a, -2*a + 1 = -i - 0. Let s be (-3 - -4)/(q/a). What is the greatest common divisor of 11 and s?
1
Suppose 3*v - 4*v + 9 = 0. Calculate the highest common divisor of 81 and v.
9
Let o(g) = g. Let c be o(6). Let s be 203/4 + c/24. Calculate the highest common divisor of s and 34.
17
Let r(k) = -k**3 - 9*k**2 - 2*k + 10. Let h be r(-9). What is the greatest common divisor of h and 7?
7
Let x(d) = 223*d**2 + d - 1. Let r be x(1). Suppose -4*p - 5*k = -r, 4*k = 4*p + p - 248. Calculate the highest common divisor of p and 13.
13
Suppose 4*s + 4*k - 500 = 0, -2*s = -5*s + 4*k + 410. What is the highest common divisor of s and 13?
13
Let r = -5 - -7. Let c be ((-2)/3)/((32/36)/(-4)). Suppose 0 = -c*m - 9, -4*h = r*m - 0*m + 2. What is the greatest common divisor of h and 9?
1
Suppose -3*x - 25 = -5*b, -4*b - 3*x = x + 12. Calculate the greatest common divisor of 50 and b.
2
Suppose -25 = -5*r + 5. Let i be 4/(-8) + (-7)/(-2). Let s be i/(-6) - 97/(-2). What is the greatest common factor of r and s?
6
Let t be 6*2*(-12)/(-8). Calculate the greatest common divisor of 198 and t.
18
Suppose -1 = -j + 5*h, 3*h = 2*j - 24 + 1. Calculate the highest common factor of j and 1.
1
Let b(z) = z + 8. Let r be b(19). Calculate the greatest common factor of 3 and r.
3
Let l(p) = -21*p - 14. Let q be l(-2). Calculate the highest common divisor of 28 and q.
28
Suppose 56 - 8 = 4*u. Let r be (1 - -89) + u + -10. What is the highest common divisor of r and 23?
23
Let f = 62 + -61. What is the highest common factor of f and 13?
1
Let o(u) = -14*u + 24. Let s be o(-15). What is the greatest common divisor of s and 26?
26
Let t(l) = l**3 - 12*l**2 + 11*l. Let p be t(11). Suppose -27 = -p*n - n. Calculate the highest common factor of n and 9.
9
Suppose -2*u + 25 = 3*u. Suppose -24 = -4*y + u*d, -4*y - 2*d = -6*d - 24. What is the greatest common divisor of y and 6?
6
Suppose -f = -3*f + 36. Suppose -f = -5*i + 52. Suppose -3*u = 4*k - 69, 90 + 10 = 5*k + u. Calculate the highest common factor of k and i.
7
Let i(s) = 9*s - 8. Suppose 0 = -3*k - 0*k - 3*q + 3, 5*q + 7 = -2*k. Let a be ((-6)/9)/(k/(-42)). Let u be i(a). What is the highest common factor of u and 5?
5
Let a(i) = i**3. Let h be a(1). Calculate the greatest common divisor of 1 and h.
1
Suppose 396 = a + 2*a + 5*d, 4*d = -2*a + 264. Let w(l) = 4*l**2 + 3*l + 2. Let u be w(-2). Calculate the greatest common divisor of a and u.
12
Let v = 278 + -134. Suppose 0 = 3*p - 0*p - v. What is the greatest common divisor of 6 and p?
6
Let q be (-408)/(-30) + 6/15. What is the highest common factor of q and 7?
7
Let q = 1 + -3. Let m be ((-15)/6)/(q/20). What is the highest common factor of m and 75?
25
Suppose 181 - 16 = 5*v. Let z = v - 7. Let n(b) = -23*b - 194. Let a be n(-9). What is the greatest common factor of z and a?
13
Let x = 9 - -35. Suppose 0 = l - x + 2. Calculate the highest common factor of 63 and l.
21
Let k be 292/8 - ((-3)/(-2))/1. What is the highest common divisor of 14 and k?
7
Let s(y) = -3*y + 25. Let g be s(5). Calculate the greatest common factor of 160 and g.
10
Let p(d) = 252*d**2 - d - 1. Let j be p(-1). Let a be (j/8)/(-7)*-2. What is the highest common divisor of 99 and a?
9
Let w = 1 + 1. Suppose -a - 2*t = -8, -22 = -w*a + a + 5*t. What is the highest common factor of a and 84?
12
Let n(c) = c**2 + 2*c. Let t be n(-4). Let j = 14 - t. What is the highest common factor of j and 24?
6
Suppose 294 = 4*i - 3*x, -3*x + 74 = i - 4*x. What is the highest common factor of 54 and i?
18
Suppose 0 = 7*f - 2*f + 4*p - 77, -f = 4*p - 25. What is the highest common divisor of f and 13?
13
Let z = -42 - -43. What is the greatest common factor of z and 4?
1
Suppose -82 = 5*i - 247. Let k(s) = 2*s**2 - 2*s - 1. Let h be k(-2). Calculate the highest common divisor of i and h.
11
Let n = 16 - -26. Calculate the greatest common divisor of 294 and n.
42
Let w(x) = -x**3 - 3*x**2 + 3*x + 7. Let v be w(-5). Let m = -6 + v. Let d be (2 + -1)*12*1. Calculate the greatest common factor of m and d.
12
Suppose 0 = -3*y - 9, 4*v - y + 0*y - 3 = 0. Suppose -5*t = -5*o - 22 - 8, -o = v. Suppose 0 = 4*d - 107 - 61. Calculate the greatest common factor of d and t.
6
Let h(d) = 6*d**2 + 5*d - 4. Let u be h(3). Let z = 32 - 17. Suppose n - 2*g = -4*g + 9, 0 = n - g - z. Calculate the greatest common factor of n and u.
13
Let g = -24 - -28. Let m(h) be the third derivative of h**6/120 + h**4/24 + 5*h**3/3 - 3*h**2. Let l be m(0). What is the highest common factor of g and l?
2
Suppose 4*c = -3*h + 454 + 26, -c = -h - 120. Calculate the greatest common factor of c and 15.
15
Let y = 468 - 252. What is the greatest common divisor of 24 and y?
24
Suppose -3*r + 12 = -h, -5*h - 2*r = -15 - 10. Suppose a = 2*g - 20, a + h = -1. What is the greatest common divisor of 48 and g?
8
Suppose 4*m - 2*s - 32 = 0, 0*m + m = 3*s + 13. Calculate the greatest common factor of m and 63.
7
Let m(s) = s + 10. Let t be m(-5). What is the highest common factor of 5 and t?
5
Let y(k) = 2*k - 4. Let t be y(3). Suppose 0 = -t*w + 4*w. Suppose w = 4*a - 3 - 1. Calculate the greatest common factor of a and 4.
1
Suppose 3*h + 2*h = 25. Let z = 6 - 4. Suppose z*i = 24 + 26. What is the highest common divisor of h and i?
5
Let r(k) = k**3 - 7*k**2 - 6*k + 4. Let z be r(8). What is the greatest common factor of z and 100?
20
Let c(v) = -26*v - 4. Let o be c(-2). Calculate the greatest common divisor of o and 8.
8
Let s = 33 + -19. Let p(c) = -c + 5. Let z be p(3). What is the greatest common factor of s and z?
2
Suppose 3*m - 49 = -5*v, -5*v - 5*m + 52 = -m. Let o(u) = -u**3 + 5*u**2 + u - 1. Let z be o(5). What is the highest common divisor of v and z?
4
Suppose -2*f - 58 = -3*m, -3*m = 2*f + 2*f - 28. Suppose -2*q + q = -m. What is the highest common divisor of q and 48?
16
Let u = -2 - -6. Let a = 10 - u. Calculate the greatest common factor of 48 and a.
6
Suppose -4 - 11 = -3*a. Let g = 2 - -23. Let m be 10/g + 446/10. What is the greatest common divisor of m and a?
5
Let s(l) = 36*l**3 - 2*l**2 + 5*l - 3. Let z be s(1). What is the greatest common factor of z and 9?
9
Let q = 1 + 1. Let d(c) = 6*c**2 - c. Let l be d(q). Calculate the highest common divisor of 44 and l.
22
Suppose 11*r + 79 = 277. Calculate the greatest common divisor of 36 and r.
18
Let a = 22 + -12. Let f = -6 + a. What is the highest common divisor of 36 and f?
4
Suppose -5*k - 289 + 1274 = 2*p, 1503 = 3*p - k. Suppose 0*c - p = -5*c. What is the highest common factor of c and 10?
10
Let n be 148/6 - 6/9. What is the highest common factor of n and 6?
6
Let s = -38 - -129. Suppose -3*p - 2*k - 1 = -3, -22 = -3*p + 2*k. Suppose n - 2*n = 2*i - 28, 2*n = p. Calculate the greatest common divisor of i and s.
13
Let w(d) = 7*d**2 + 3*d - 2. Let i be w(-2). Calculate the highest common factor of 10 and i.
10
Let c be 1/(-6)*-2*3. Suppose -c = -a - 0. Calculate the highest common factor of a and 10.
1
Let r(t) = 7*t - 1 + 24*t - 5*t. Let f be r(3). Calculate the highest common divisor of f and 7.
7
Let q = 70 + -26. Suppose 3*l - q = l. Calculate the highest common factor of l and 242.
22
Let s(b) = -b**2 + 8*b - 2. Let j be s(8). Let o be (-6)/((-4)/j) - -15. What is the highest common factor of o and 60?
12
Suppose -35 - 13 = -4*k. Suppose 33 - 1 = 4*a. What is the greatest common divisor of k and a?
4
Suppose 0 = 4*u - 2*u + 2. Let p = 13 + u. Calculate the greatest common factor of p and 36.
12
Suppose 0 = 2*q - q - 38. What is the greatest co